{"id":1081,"date":"2026-02-23T08:06:06","date_gmt":"2026-02-23T08:06:06","guid":{"rendered":"https:\/\/soymadredehijosnovivos.com\/?post_type=product&#038;p=1081"},"modified":"2026-02-23T08:58:57","modified_gmt":"2026-02-23T08:58:57","slug":"mi-libro","status":"publish","type":"product","link":"https:\/\/soymadredehijosnovivos.com\/index.php\/producto\/mi-libro\/","title":{"rendered":"Soy Madre de HIjos no Vivos. Mi Despertar"},"content":{"rendered":"<p><!--StartFragment --><\/p>\n<p>Soy madre de hijos no vivos es un testimonio valiente y necesario sobre una maternidad que existe, aunque a menudo el mundo no sepa nombrarla. A trav\u00e9s de una voz cercana y profundamente humana, la autora comparte su recorrido emocional tras la p\u00e9rdida de sus hijos, explorando el amor, la ausencia, la culpa, la esperanza y la reconstrucci\u00f3n personal.<\/p>\n<p>Este libro no busca respuestas f\u00e1ciles ni frases hechas. Es un espacio seguro donde se reconoce el dolor sin juzgarlo, donde se honra la vida breve \u2014pero inmensa\u2014 de quienes no pudieron quedarse, y donde se reivindica el derecho de cada madre a recordar, sentir y seguir adelante a su propio ritmo.<\/p>\n<p>Con una mezcla de reflexi\u00f3n, memoria y acompa\u00f1amiento, <em>Soy madre de hijos no vivos<\/em> se convierte en una mano tendida para quienes han vivido p\u00e9rdidas similares, y tambi\u00e9n en una gu\u00eda para familiares, amigos y profesionales que desean comprender mejor este duelo silencioso. Es, ante todo, un acto de amor: hacia los hijos que no est\u00e1n y hacia la mujer que aprende a vivir con su ausencia.<\/p>\n<p><!--EndFragment --><\/p>\n","protected":false},"excerpt":{"rendered":"<p>Soy madre de hijos no vivos es un testimonio valiente y necesario sobre una maternidad que existe, aunque a menudo el mundo no sepa nombrarla. A trav\u00e9s de una voz cercana y profundamente humana, la autora comparte su recorrido emocional tras la p\u00e9rdida de sus hijos, explorando el amor, la ausencia, la culpa, la esperanza y la reconstrucci\u00f3n personal.<\/p>\n<p>Este libro no busca respuestas f\u00e1ciles ni frases hechas. Es un espacio seguro donde se reconoce el dolor sin juzgarlo, donde se honra la vida breve \u2014pero inmensa\u2014 de quienes no pudieron quedarse, y donde se reivindica el derecho de cada madre a recordar, sentir y seguir adelante a su propio ritmo.<\/p>\n<p>Con una mezcla de reflexi\u00f3n, memoria y acompa\u00f1amiento, <em>Soy madre de hijos no vivos<\/em> se convierte en una mano tendida para quienes han vivido p\u00e9rdidas similares, y tambi\u00e9n en una gu\u00eda para familiares, amigos y profesionales que desean comprender mejor este duelo silencioso. Es, ante todo, un acto de amor: hacia los hijos que no est\u00e1n y hacia la mujer que aprende a vivir con su ausencia.<\/p>\n","protected":false},"featured_media":1082,"comment_status":"closed","ping_status":"closed","template":"","meta":[],"product_brand":[],"product_cat":[15],"product_tag":[],"class_list":{"0":"post-1081","1":"product","2":"type-product","3":"status-publish","6":"product_cat-sin-categorizar","8":"first","9":"instock","10":"taxable","11":"shipping-taxable","12":"purchasable","13":"product-type-simple"},"_links":{"self":[{"href":"https:\/\/soymadredehijosnovivos.com\/index.php\/wp-json\/wp\/v2\/product\/1081","targetHints":{"allow":["GET"]}}],"collection":[{"href":"https:\/\/soymadredehijosnovivos.com\/index.php\/wp-json\/wp\/v2\/product"}],"about":[{"href":"https:\/\/soymadredehijosnovivos.com\/index.php\/wp-json\/wp\/v2\/types\/product"}],"replies":[{"embeddable":true,"href":"https:\/\/soymadredehijosnovivos.com\/index.php\/wp-json\/wp\/v2\/comments?post=1081"}],"version-history":[{"count":0,"href":"https:\/\/soymadredehijosnovivos.com\/index.php\/wp-json\/wp\/v2\/product\/1081\/revisions"}],"wp:featuredmedia":[{"embeddable":true,"href":"https:\/\/soymadredehijosnovivos.com\/index.php\/wp-json\/wp\/v2\/media\/1082"}],"wp:attachment":[{"href":"https:\/\/soymadredehijosnovivos.com\/index.php\/wp-json\/wp\/v2\/media?parent=1081"}],"wp:term":[{"taxonomy":"product_brand","embeddable":true,"href":"https:\/\/soymadredehijosnovivos.com\/index.php\/wp-json\/wp\/v2\/product_brand?post=1081"},{"taxonomy":"product_cat","embeddable":true,"href":"https:\/\/soymadredehijosnovivos.com\/index.php\/wp-json\/wp\/v2\/product_cat?post=1081"},{"taxonomy":"product_tag","embeddable":true,"href":"https:\/\/soymadredehijosnovivos.com\/index.php\/wp-json\/wp\/v2\/product_tag?post=1081"}],"curies":[{"name":"wp","href":"https:\/\/api.w.org\/{rel}","templated":true}]}}